 What is the tens digit of n?
7
Suppose 2*g - a = 52431, -159*a + 131081 = 5*g - 162*a. What is the hundreds digit of g?
2
Let u(h) = 4*h**3 + 8*h**2 + 13*h + 20. Let s be u(-4). What is the hundreds digit of 1/5 - 143968/s?
9
Let y = 49531 - 25579. What is the units digit of y?
2
Suppose 5*x - 40 = -2*a, 7*x - 2*x - 2*a - 40 = 0. Let u be ((-33)/(-2) - (8 - x))*30. Let s = u + -314. What is the units digit of s?
1
What is the hundreds digit of ((-16)/(-6))/((-1084)/(-1729251))?
2
Let n(c) = -86*c**3 + 6*c**2 + 14*c + 12. Let b be n(-4). Suppose -17*a = -11*a - b. What is the tens digit of a?
2
What is the units digit of 43899/13 + (2/(-3))/(13/(-3))?
7
What is the hundreds digit of (-35 - -3074)*26/6?
1
Let c = 1095 - 170. What is the hundreds digit of ((1 - 0) + -766)*(-1110)/c?
9
Suppose 115 = -28*h + 29*h. Suppose 4*r = r - 153. Let c = r + h. What is the units digit of c?
4
Let l be 15/3 - (-5 + 6). Suppose l*r - 2322 = -2*m, 0 = -4*m + 11*r - 9*r + 4644. What is the thousands digit of m?
1
Suppose 27 + 73 = 4*n. Suppose 0 = 3*w + 4*b + 74, -2 + 12 = -w - 5*b. What is the tens digit of 20/6*w*n/(-20)?
2
Let u = 67 - 74. Let b be 0/(u/(28/(-12))). Suppose -6*t + 40 + 200 = b. What is the tens digit of t?
4
Suppose 0 = 397*k - 391*k - 48. Suppose -4608 = 2*x - k*x. What is the tens digit of x?
6
Suppose 62*d + 2058 = 65*d. Suppose 3*b - 442 - d = 0. What is the units digit of b?
6
Let y(i) = -i**3 - 2*i**2 - i. Let k be y(-2). Suppose -k*p - 4*v - 314 = 0, 4*p = 3*v - 8*v - 625. Let r = p + 218. What is the tens digit of r?
6
Let p = -4 - -9. Suppose -z - 4*r = -9*r, -12*z = 4*r - 64. What is the tens digit of (2/5)/(z/(2495 + p))?
0
Let b = 10 + 10. Suppose 3*o + 10 + 11 = 2*r, -5*r = -o - b. Suppose r*u = -7*u + 490. What is the tens digit of u?
4
Suppose 5*d = -10, 5*d - 295 = 4*p + 167. Let a = p - -50. Let n = 226 + a. What is the hundreds digit of n?
1
Suppose -p + 5*g = -16, -5*g - 8 = -5*p + 12. Let z(v) = -3*v + 5. Let w be z(p). What is the tens digit of 5*(w - 306/(-10))?
6
Suppose 3*c - 340 = 107. Suppose -4*p + c + 1555 = 2*q, 2*q - p = 1714. What is the tens digit of q?
5
Let s(m) = m**3 - 14*m**2 - 21*m + 45. Let z be 6 - -2 - (-9 - -1). What is the units digit of s(z)?
1
Suppose -7*m + 68*m = 152073. What is the hundreds digit of m?
4
Suppose 26*w - 7949 - 380853 = -2728. What is the units digit of w?
9
Let t = -431 - -434. Suppose o + 2*g = t*o - 344, 2*g + 517 = 3*o. What is the tens digit of o?
7
Suppose 4*x - 3*l = 263, -4*x + 119 + 140 = l. Suppose 4*b = 20, -2*d + 38 = b - x. What is the units digit of d?
9
Let m(z) = 2*z**2 + 2*z. Let h be m(1). Suppose -u + 2*i = -h*u, 2*u - 2*i = 10. What is the tens digit of 46/u*(-7)/(21/(-9))?
6
Let a = 49 + -7. What is the units digit of a/(-42) + (-1 - -33)?
1
Suppose -155*a = 341*a - 44532864. What is the tens digit of a?
8
Let g = -59 + 62. Suppose -q + 173 = -2*p, -188 = -q + g*p + 2*p. What is the units digit of q?
3
Let w(m) = m**2 + 4*m - 8. Let l be w(-6). Suppose n - l*q = 4*n + 4, 32 = 4*n - 4*q. What is the units digit of 1/3 + n + (-28)/(-6)?
9
Let w be (2 - (3 - 2)) + 4. Suppose 215 - 15 = w*a. Suppose 3*d = -d + a. What is the units digit of d?
0
Let z(p) = 5*p**3 - 10*p**2 - 4. Let m(a) = -6*a**3 + 10*a**2 + 5. Let d(y) = 4*m(y) + 5*z(y). Let f be d(10). What is the tens digit of f + (-3)/1 - -192?
8
Suppose 3*i - 9 = -3*g, 3*g - 5*i = -18 - 13. What is the units digit of 10/(-4)*g*(-492)/(-20)?
3
Suppose 0*a - 108*a + 536772 = 56*a. What is the thousands digit of a?
3
Suppose -4*y = -198*z + 199*z - 9893, -3*z = 5*y - 12368. What is the units digit of y?
3
Let m(s) = 3*s**3 - 19*s**2 - 14*s. Let u be m(7). Suppose 2*h - 4*k + 278 - 1238 = u, 3*h + 3*k = 1485. What is the units digit of h?
0
Suppose -36*d + 284*d = 12393304. What is the units digit of d?
3
Let m be 3/(4*6/24). Let d = -7 + 10. What is the tens digit of d/(-6)*((0 - m) + -135)?
6
Let k = 348 + -345. Suppose k*i = 5*j + 139, -2*i + 16*j + 114 = 18*j. What is the units digit of i?
3
Suppose -5*x + 4*q = -757 - 5220, 0 = 4*x - q - 4786. Suppose -22*r + x = -15*r. What is the hundreds digit of r?
1
Let p(z) = 24*z**2 - 52*z - 81. What is the units digit of p(17)?
1
Let w be 2/((-3)/6 - -1). Suppose 6*l - 28 = 4*d + 2*l, -4*d - w*l = 36. What is the hundreds digit of 12/16 - 970/d?
1
Suppose 0 = -5*k + 301 + 129. What is the tens digit of (k/18 - 5) + 12964/18?
2
Suppose -y = -98 + 96. Let a(q) = -22*q**3 - 2*q**2 - q + 1. Let h be a(y). Let z = h - -328. What is the units digit of z?
3
Let u(r) be the third derivative of -3*r**4/8 + 3*r**3 + 13*r**2. Let q be u(-7). Suppose 147 = 2*l - q. What is the hundreds digit of l?
1
Let t(q) = 2*q + 66. Let b be t(-31). Suppose 0 = -u - b*d + 240, -5*u + 3*d = -43 - 1134. What is the units digit of u?
6
Suppose -245*b + 7360 = -222*b. What is the units digit of b?
0
Suppose -s - 3*u - 10 - 17 = 0, -4*s - 5*u = 87. What is the units digit of (-632)/2*s/36?
8
Let y(z) = 238*z - 461. What is the thousands digit of y(18)?
3
Let h be (-23316)/18 - 6/9. Let f = h - -3045. What is the units digit of f?
9
Suppose 113176 = 2*x + 34256. What is the thousands digit of x?
9
Let i be 2 + (-2 - -1) + 2 - -54. Suppose 58*j - 5*n - 686 = i*j, j - 650 = -4*n. What is the units digit of j?
6
Let d = 26 + -22. Let g be ((-21)/d)/(3/(-4)). Let n = 27 - g. What is the tens digit of n?
2
Let a = -193 - -233. Let s = a + 48. What is the tens digit of s?
8
Let p(x) = -x**3 + 36*x**2 - 36*x + 108. Let m be (0 - 1054/(-30)) + 6/(-45). What is the units digit of p(m)?
3
Suppose -43*x + 770782 + 897403 = 0. What is the tens digit of x?
9
Let b = 39 - 14. Let v be (46/10)/(b/125). Suppose 16*d = 17*d - v. What is the units digit of d?
3
Let d(j) = 8*j**3 + 238*j**2 + 32*j + 148. What is the units digit of d(-28)?
8
Suppose -2153 = 201*f - 202*f + 4*q, 2*f - q = 4278. What is the tens digit of f?
3
Let g(b) = 38*b**3 - b**2 - 71*b + 14. What is the units digit of g(8)?
8
Let u be (-4)/(-14) - (-9)/((-63)/(-26)). Suppose 5*m - 1522 = m + 5*n, 0 = -5*m - u*n + 1882. What is the hundreds digit of m?
3
Let j(w) = -w**3 - 26*w**2 - 38*w + 311. What is the tens digit of j(-35)?
6
Suppose -18*v + 215 = -73. Suppose -v*p = 14*p - 3360. What is the tens digit of p?
1
Let z(m) = 6*m - 30. Let r be z(6). What is the tens digit of (2 - 10/5) + 384/r?
6
Let i(x) = 6*x**2 - 37*x + 10. Let c be i(6). Suppose -4*h - 2*k = k - 3051, 0 = c*h + 2*k - 3050. What is the hundreds digit of h?
7
Let p(h) = -3*h**3 + h. Let c be p(-1). Suppose 3*z = 5*k + 10, -c*z + 5*k + 10 = -3*z. Suppose z = 3*r + 9, q - 102 + 19 = -5*r. What is the tens digit of q?
9
Let s(j) = -10*j - 104. Let w be s(-17). What is the units digit of (-1)/(-11) - (-6396)/w?
7
What is the tens digit of 10 - -7827*14/21?
2
Suppose 0 = -2*a - 7728 + 20888. Suppose n + 13*n - a = 0. What is the hundreds digit of n?
4
Let n be 96/(-51) + (-32)/272. Let o(s) = -101*s**3 + s**2 - 2*s - 4. What is the tens digit of o(n)?
1
Let q = -182 - -262. Suppose -q = -4*w - 2*k, -w - 5*k = -6 + 4. Suppose 658 + w = 4*u. What is the tens digit of u?
7
Let f be 5 - ((-4)/3 + 79065/27). What is the units digit of f/(-3) + (-84)/(-12)?
1
Let v = -54 - -52. Let t be (272 + 2)*-1 + v. Let x = t + 396. What is the hundreds digit of x?
1
Let j be 3 + (-3 - (0 + -2)). Let u be (-3)/j*((-120)/9 + -4). What is the tens digit of (1 + u)/(48/128)?
7
Let p(v) = 8*v + 17. Let j be (-16)/56 + 24/(-14) + 58. Let u = -45 + j. What is the hundreds digit of p(u)?
1
Let u(q) = 14*q**3 - 2*q**2 - q + 2. Let x be u(2). Let o = x - 54. Let t = 91 - o. What is the units digit of t?
1
Suppose 2*m + 14674 = 113*m - 810944. What is the units digit of m?
8
Let k(p) = -6*p**3 + 3*p**2 + 46*p + 102. What is the tens digit of k(-20)?
8
Let s = -28383 + 48776. What is the units digit of s?
3
Let m(z) = 19*z - 1. Let r be m(-2). Let i = -138 + 135. What is the tens digit of (-72)/16*2/i - r?
4
Let p(b) = -b**3 - 14*b**2 + 52*b + 5. Let h be p(-21). Suppose -h = -3*l - t, l + 5*t + 195 = 857. What is the tens digit of l?
6
Suppose 155*z - 158*z + 73232 = -2*y, 2*y = 4*z - 97640. What is the hundreds digit of z?
4
Suppose 20 = -5*g, -d + 5*g - 4*g = -14. Suppose 1916 = d*r - 1254. What is the h